+ 24*z + 9. Let f(v) = v**2 + 3*v. Let m(j) = -6*f(j) + p(j). Give m(7).
2
Suppose 3*o + 44 = -t, 0 = -o - 0*o + 2. Let m = 48 + t. Let a(y) = y**2 + 4*y - 1. Give a(m).
-5
Let u(m) be the second derivative of m**3/6 - 15*m**2/2 - 85*m + 2. Give u(8).
-7
Let y be 2/(-11) - (-630)/77. Let k(p) = -p**2 + 6*p + 2. Determine k(y).
-14
Let k be ((-4)/(-3))/((-2)/(-57)). Let n(a) = 3 + 6*a - k*a**2 + 2 + 39*a**2. Give n(-4).
-3
Let c be (6/(-1 - -2))/2. Suppose -2*n = g - 5, -c*g + 9 = 5*n - 2. Let l(i) = -i**2 + i. Let o(v) = 7*v**2 - v + 3. Let p(t) = -6*l(t) - o(t). Determine p(g).
3
Let b(j) be the first derivative of 2 + 1/2*j**2 - 10*j. What is b(6)?
-4
Let u(r) = -3*r. Let k(m) = 2*m - 1. Suppose 0 = 4*h + 5*l + 13 + 9, 0 = -2*h + l - 4. Let z(j) = h*u(j) - 2*k(j). Give z(-5).
-23
Let p = -40 + 18. Let b = p + 26. Suppose b*c - 16 = 3*n + 7, 0 = -c - n - 3. Let w(m) = -m**3 + 2*m**2 + 2*m - 1. Calculate w(c).
3
Let u(k) be the first derivative of -k**4/4 + k**3 - 3*k**2 + 3*k - 14. Let p be u(2). Let i(d) = -3*d - 5. Determine i(p).
10
Suppose -26*s + 105 = 1. Let i(h) = h**3 - 4*h**2 + 5*h - 2. Determine i(s).
18
Let a(g) = 3*g**2 - g + 1. Let t(s) = -19*s**2 + 8*s - 13. Let l(f) = 6*a(f) + t(f). What is l(7)?
-42
Let f(a) = -2*a**3 - a**2 + a + 2. Let o(n) = -n**3 - 17*n**2 + 1. Let s be o(-17). Let t be 1/s + 1/(4/(-12)). Give f(t).
12
Suppose -17*k = -5*k - 600. Let t(z) = -23*z**3 + 4 + 5*z - 5*z**2 - 28*z**3 + k*z**3. What is t(-5)?
-21
Let v(a) be the second derivative of -3*a**5/4 + a**4/12 - a**3/6 - a**2/2 + 7*a. Suppose 5*y - 501 + 506 = 0. Determine v(y).
16
Let w(r) = 46*r - 20. Let x(h) = -16*h + 7. Let v(z) = 6*w(z) + 17*x(z). Give v(1).
3
Let k(c) = 8*c - 2. Let b(o) = -50*o + 15. Let d(f) = 2*b(f) + 15*k(f). Calculate d(1).
20
Let r = 509 + -510. Let o(a) = -2*a**2 + a. Give o(r).
-3
Suppose 0 = 7*g - 14*g + 49. Let x(c) = 11*c**3 + 3*c**2 - 27*c + 7. Let s(w) = 5*w**3 + 2*w**2 - 13*w + 3. Let b(k) = 13*s(k) - 6*x(k). Determine b(g).
-3
Let f = 114 - 119. Let i(p) be the first derivative of -p**4/4 - 2*p**3 - 2*p**2 - 7*p + 2. Calculate i(f).
-12
Let c(m) = -5*m**2 - 19*m + 20. Let g(j) = -2*j**2 - 8*j + 9. Let h(t) = -3*c(t) + 7*g(t). Calculate h(0).
3
Let k(p) = -p**2 - 4*p + 3. Let g(w) = w**3 - 4*w**2 + 4*w - 3. Let f be g(3). Suppose -4*r - 12 = f, 2*r = b + 7*r + 21. Give k(b).
-9
Let x(u) be the third derivative of -u**5/30 + u**4/8 + u**3 + 73*u**2. What is x(5)?
-29
Suppose 112 = -42*c + 28*c. Let d(q) = q**3 + 7*q**2 - 9*q - 7. Determine d(c).
1
Let x(d) be the second derivative of d**3 - 1/12*d**4 - 3/2*d**2 + 35*d + 0. What is x(4)?
5
Let p(t) = -2*t - 2. Let b(l) = l + 2. Let k(a) = -a**2 + 17*a + 5. Let n be k(17). Let g(z) = n*b(z) + 4*p(z). Give g(6).
-16
Let n = -29 + 30. Let f(k) = -1 + k - 4*k**2 + n - 1. Calculate f(1).
-4
Let n(x) be the first derivative of x**4/4 - 5*x**3/3 + 2*x**2 + x + 124. Calculate n(4).
1
Let z(n) be the third derivative of n**4/24 + n**3/6 - 2*n**2 - 82*n. Determine z(3).
4
Let d(n) = -3*n**2 - 4*n. Let u(x) = -x**3 + 3*x**2 - x. Let m(k) = 4*k**2 - 2*k - 5 - 2*k**2 - 4*k**2 + 3*k**2. Let s be m(4). Let r be u(s). Determine d(r).
-15
Suppose -1 + 3 = -m. Let o be (m/(-5))/(2/(-30)). Let s(u) = -2*u - 6. Determine s(o).
6
Suppose 4*o + 4*r + 19 = -17, -3*r - 32 = 4*o. Suppose 0 = -2*p + p + 2. Let c(g) = 3 - 4*g + 1 + g**3 + 3*g**2 + g**p. Calculate c(o).
-1
Suppose w - 64 + 71 = 0. Let k = w + 12. Let i(v) = -v**2 + 3*v + 4. What is i(k)?
-6
Let t(m) = -5 + m**3 + 0*m**3 - 6*m**2 + 9*m**2 + m - 3*m. Let q be 16/9 + 2/9. Let c(s) = -s**2 + s - 2. Let o be c(q). What is t(o)?
-13
Let a(f) = -f**2 - 10*f + 11. Let q be 1/(((-4)/(-44))/(2 - 3)). What is a(q)?
0
Let q(r) = -r**2 - 1. Let o = -60 - -67. Let z be (o/(-7))/(-3 + 2). Give q(z).
-2
Let q(u) be the second derivative of u**4/3 - 182*u - 1. Give q(1).
4
Let c(r) = -29*r + 4. Let k(q) = 15*q - 2. Let n(g) = 3*c(g) + 5*k(g). What is n(-2)?
26
Suppose 2*y + 8 = -12. Let h(n) = 2*n + 0*n + 3 + 20 + 5 - 13. Give h(y).
-5
Let o(p) = -p + 27. Let v be o(8). Let w = -13 + v. Let z(y) = -y + 8. Calculate z(w).
2
Let v(k) = -7*k**2. Let o be (6/(-5))/((-24)/(-320)). Let p be (-2)/(-5) - o/10. Suppose 0*l + p = 2*l. What is v(l)?
-7
Let a(r) = -r**2 + 8*r - 9. Let z = 283 + -279. Determine a(z).
7
Let h(c) = -2*c - 6. Let l be (-4)/(4/28*-2). Suppose -4*w - 4*j - 12 = 0, j = -4*w - j - l. What is h(w)?
2
Let h(a) be the first derivative of 10 - 8*a - 1/2*a**2. Determine h(0).
-8
Let x(g) = -9*g - 1. Suppose 26 = -2*b + 7*b + 4*p, -4*p = -16. Let u(q) = 10*q. Suppose -8*l + 33 = 9. Let z(j) = b*u(j) + l*x(j). What is z(-2)?
11
Let t(s) = -s**2 - 5*s + 3. Let u(x) = -7*x**3 + x**2 - 3*x + 3. Let a be u(1). Let d = a + 2. Determine t(d).
7
Let v(u) = u**3 - u**2 - 3*u + 7. Let k(t) = -3*t**3 + 3*t**2 + 10*t - 21. Let r(d) = 2*k(d) + 7*v(d). Give r(0).
7
Suppose -50*u = -66*u. Let k(w) = 3*w + 8. Let t(r) = 4*r + 8. Let c(g) = 5*k(g) - 4*t(g). Calculate c(u).
8
Let k(g) = 6*g**2 + g - 7. Let z(s) = -4*s - 13. Let q be z(-7). Let a be q/6*32/40. Let y(x) = -2*x**2 + 2. Let r(m) = a*k(m) + 7*y(m). Determine r(3).
-12
Suppose 0 = 3*t - 3 - 6. Suppose 0 = -f - 0 - t. Let h(s) be the third derivative of -s**4/12 + s**3/6 - 5*s**2. What is h(f)?
7
Let i(p) = p**3 - 4*p**2 + 11*p - 8. Let b be i(4). Let a(d) = b*d + 2 - 82*d + 43*d. Give a(4).
-10
Let u(g) = 2*g - 25. Let k(r) = -8*r + 98. Let a(p) = -2*k(p) - 9*u(p). Determine a(18).
-7
Let c(i) = i**3 + i**2 - 1. Suppose 2*n = 4*y - 2, y + 2*n = -3*y + 6. Let h(l) = 4*l**3 + 4*l**2 + 3*l - 8. Let j(s) = y*h(s) - 5*c(s). What is j(-3)?
6
Let x(g) = -9*g**2 - 2 - 16*g + 8*g**2 + 21*g. What is x(6)?
-8
Let w = -17 - -30. Suppose 6*p + 1 = w. Let m(s) = 4 + s - 2*s**2 - s**2 - 3*s**p + 5*s**2. Give m(3).
-2
Let p(v) be the second derivative of v**3/6 - v**2 - 16*v. Let x(a) = 2*a**3 + 4*a**2 + 2*a - 1. Let l be x(-2). Calculate p(l).
-7
Let f(p) = -13*p**2 + 9*p**2 + p**2 + p**2 + p - p**2. What is f(1)?
-2
Let v(z) = -1919 + 5763 - 1910 + 2*z - 1920. Give v(-8).
-2
Let j be (1 + 9/(-63))*7. Let h(o) = o**3 - 6*o**2 - 2*o - 4. Determine h(j).
-16
Let o(i) be the first derivative of i**3/3 + i**2 + 3*i - 5. Suppose -k + 1 = -3*g, 5*k + 12 = k + 4*g. Determine o(k).
18
Let j(x) = -x + 6. Let v(l) = l**3 + 5*l**2 + 2*l - 3. Let o = 12 + -10. Suppose 8 = -o*g - 0. Let m be v(g). Calculate j(m).
1
Let q be 511/(-105) + (-6)/45. Let r(i) = 5*i**2 - 3*i - 24. Let p(x) = -3*x**2 + 2*x + 16. Let w(s) = q*r(s) - 8*p(s). Determine w(0).
-8
Suppose -2*i - 2*i + 39 = 3*r, 5*i - 44 = r. Let p(o) = -7*o - 12. Let n(m) = -15*m - 25. Let z(f) = i*p(f) - 4*n(f). Let b = 236 + -242. What is z(b)?
10
Let r(x) = 940 - 2*x**2 - 937 + 3*x + x**2. Calculate r(-4).
-25
Let b(j) = -j + 2. Let a = -65 - -63. Let l(q) be the third derivative of q**4/12 - q**3/3 - q**2. Let z(t) = a*l(t) - 3*b(t). What is z(-4)?
2
Let v(y) = y**3 + 3*y**2 + y + 1. Suppose 5*l + 15 - 50 = 0. Suppose -3*o - 3 = m, 4*m - l = -o + m. Calculate v(o).
3
Let j(b) = 2*b**2 + 4*b - 4. Suppose 94*i - 15 = 97*i. Determine j(i).
26
Let c(n) = n**3 - 10*n**2 + 3. Let p(j) = j**2 + 28*j - 19. Let k be p(-29). Calculate c(k).
3
Let w = 1355 + -1348. Let c(s) = 3*s**2 + 3*s - 5. Let t(h) = 4*h**2 + 2*h - 5. Let p(k) = 5*c(k) - 4*t(k). Determine p(w).
-5
Suppose -7 = -2*y + 7. Suppose 2*d - y = 1. Let s(b) = 0*b + 3*b - 5 + 2*b + 0. What is s(d)?
15
Suppose 4*f = -f + 15. Suppose 0 = -8*n + 2*n. Let u(t) = 2*t - t**2 + 1 + 0*t**2 + n*t**2 - f*t. Determine u(1).
-1
Let o(h) be the third derivative of h**6/120 - 2*h**5/15 + 5*h**4/24 + h**3 + h**2. Suppose 2*m - 20 = -2*s, -5*s - 5 + 25 = -5*m. Calculate o(s).
-8
Let m(x) = -x**2 - 3*x + 4. Let t be m(-4). Let a(h) = -1 + t*h**2 + h + 0 - 8*h - h**2. Let s(o) = o**3 + 4*o**2 - 3*o + 4. Let d be s(-5). Determine a(d).
5
Let n(a) = -a + 3. Suppose -4*o = 3*j + 25, 5*o - 7 = -4*j - 37. Let d be (2/2)/((-1)/14). Let m = d - o. Determine n(m).
7
Let g(f) = -33*f + 78. Let c be g(2). Let o(v) = v**3 - 15*v**2 + 35*v + 11. Determine o(c).
-1
Let c(b) be the third derivative of -b**7/252 - b**6/720 + 13*b**4/12 - 26*b**2. Let w(z) be the second derivative of c(z). What is w(-1)?
-9
Suppose 0 = 3*g + 20 + 1. Let o = g